20947034
In base 2, what is 10000000111101110 - 10110111?
10000000100110111
In base 7, what is 44 - 20650616?
-20650542
In base 11, what is -84352618 + 1?
-84352617
In base 11, what is 485952 + 1153?
486aa5
In base 3, what is 2211022 + 1112021211?
1122010010
In base 11, what is 6877183 - -10?
6877193
In base 16, what is -62fca - 5?
-62fcf
In base 3, what is -1011100212211 - 120?
-1011100220101
In base 9, what is 76887 - 17044?
58843
In base 13, what is -2b15 + 2c9b?
186
In base 7, what is -266513210 + 4?
-266513203
In base 2, what is 0 - 1010110100100001101110?
-1010110100100001101110
In base 2, what is -101000000010000000101111011 - 0?
-101000000010000000101111011
In base 5, what is -11144222 + -4102?
-11203324
In base 10, what is -3 + 58155874?
58155871
In base 6, what is 5 - 15340545?
-15340540
In base 5, what is -32014044410 - -2?
-32014044403
In base 5, what is 10304 + -133224444?
-133214140
In base 2, what is -100011110001000111100010 + 100?
-100011110001000111011110
In base 11, what is 5556a23 + 0?
5556a23
In base 9, what is 4710853 - -14?
4710867
In base 9, what is -4028683 + 16?
-4028666
In base 6, what is -343404124 - 50?
-343404214
In base 13, what is -2 - 66902a?
-66902c
In base 12, what is -5475479 + 12?
-5475467
In base 6, what is 1 - 1230240041?
-1230240040
In base 4, what is -23331330030 - 12?
-23331330102
In base 6, what is -545215400 - 5?
-545215405
In base 5, what is 141224 - -123033?
314312
In base 4, what is 22010 - 113231100?
-113203030
In base 16, what is -66 + -3658b6?
-36591c
In base 13, what is 5aa44 + 128?
5ab6c
In base 5, what is -101 - -104014014?
104013413
In base 11, what is 35 - -895866?
8958a0
In base 14, what is 4bd0d32 - 6?
4bd0d2a
In base 6, what is -4502 + -42424?
-51330
In base 6, what is 2003 + -130051254?
-130045251
In base 9, what is 0 - -10856044?
10856044
In base 14, what is 19cbd3 + 0?
19cbd3
In base 16, what is 16b72 - 3b?
16b37
In base 10, what is 394128403 - -5?
394128408
In base 5, what is 330334230 - 3?
330334222
In base 4, what is 211121121 + 12130?
211133311
In base 5, what is -1 + 1242220123?
1242220122
In base 13, what is 40687 - -176?
40830
In base 16, what is -c7d65 - 10?
-c7d75
In base 5, what is -3424340 - 222240?
-4202130
In base 8, what is -602 - -1232504?
1231702
In base 14, what is -16a6496 + 0?
-16a6496
In base 5, what is -111222 - 1133402?
-1300124
In base 2, what is -101 - 110110000101110000011011?
-110110000101110000100000
In base 2, what is -1 - 11111110110000101110100?
-11111110110000101110101
In base 4, what is -103123303 - 201032?
-103331001
In base 5, what is 412242 - -1121241?
2034033
In base 10, what is 1 - 3632130?
-3632129
In base 3, what is 22200000 - 220121112?
-120221112
In base 10, what is 113162 - -4866?
118028
In base 3, what is 1000201 - -210212212101?
210220220002
In base 4, what is 0 + 313033222313?
313033222313
In base 7, what is 15 + 343621626?
343621644
In base 5, what is -4023 + 100022233?
100013210
In base 4, what is 2101302202112 + 11?
2101302202123
In base 10, what is 4406 + -3572?
834
In base 4, what is -210210230332 + -1?
-210210230333
In base 5, what is 20 + 3413343011?
3413343031
In base 11, what is 2739a7 - -64?
273a60
In base 13, what is -28aa08 - -2?
-28aa06
In base 11, what is -176698 - -169?
-17652a
In base 14, what is 71d40 + 12?
71d52
In base 16, what is -3552d4a + 11?
-3552d39
In base 12, what is -153a + 583?
-b77
In base 8, what is 35 - -40461?
40516
In base 15, what is 9 - -48598?
485a2
In base 9, what is -35 + 42330805?
42330760
In base 16, what is -1 - d1595d?
-d1595e
In base 13, what is bc980c + -6?
bc9806
In base 12, what is a839 - 14a0?
9359
In base 14, what is 15b11 + 1092?
16ba3
In base 13, what is -1109761c4 + -5?
-1109761c9
In base 16, what is 165f2 - -218?
1680a
In base 11, what is -183a112 - 3?
-183a115
In base 8, what is -624010463 + 2?
-624010461
In base 13, what is cb65 + 4c?
cbb4
In base 3, what is 1012001121221 + -1111?
1012001120110
In base 2, what is -11011111001100110101 + -10?
-11011111001100110111
In base 7, what is -136306 + -4646?
-144255
In base 2, what is -100 + 1010101010010010100110?
1010101010010010100010
In base 7, what is 2653610 + 1?
2653611
In base 13, what is b325 + b99?
c1c1
In base 10, what is 5035 + 2623?
7658
In base 11, what is 19a + 23666?
23855
In base 3, what is -110 + -11211001022201?
-11211001100011
In base 8, what is 70554361 + 6?
70554367
In base 8, what is -247013 + -7374?
-256407
In base 9, what is 24263662 - 67?
24263584
In base 3, what is -1012112 - 2020221?
-10110110
In base 4, what is -13 + -30310100003?
-30310100022
In base 5, what is 13 - 2343404012?
-2343403444
In base 15, what is 7536695 - -3?
7536698
In base 15, what is -464 - -1ea6?
1a42
In base 13, what is 3c2c1 + 12?
3c303
In base 11, what is -519a + 3866?
-1434
In base 16, what is -36fae25 - -5?
-36fae20
In base 4, what is 203130 + 32201?
301331
In base 9, what is 184104 - 4772?
178222
In base 15, what is -9 + -a8a202?
-a8a20b
In base 12, what is -a295299 - -5?
-a295294
In base 8, what is -253 + -171353?
-171626
In base 7, what is 3 + 11663353?
11663356
In base 12, what is 3 - 34205a66?
-34205a63
In base 3, what is -201212212010001 + 121?
-201212212002110
In base 15, what is -c5dd6 - -420?
-c59b6
In base 7, what is -116 - 100266250?
-100266366
In base 8, what is -115226 + 1376?
-113630
In base 5, what is 10 + -3423010444?
-3423010434
In base 11, what is 64a66 + -120?
64946
In base 16, what is -28ac + -1f3a?
-47e6
In base 7, what is 40 - -355110232?
355110302
In base 9, what is 3 - 102866?
-102863
In base 6, what is -4 - -41114221440?
41114221432
In base 10, what is 83 + -526182?
-526099
In base 5, what is 41 + -12433144323?
-12433144232
In base 7, what is -41224125324 + 3?
-41224125321
In base 15, what is 59c3b8 - 2?
59c3b6
In base 8, what is 5402714 - -2?
5402716
In base 5, what is 24313132 - -130310?
24443442
In base 12, what is -3 - -700194?
700191
In base 2, what is 1110 + -10100101010011101011?
-10100101010011011101
In base 5, what is 433 + 113131141?
113132124
In base 11, what is -5a13015 - 6?
-5a13020
In base 16, what is -335 + -20b91?
-20ec6
In base 5, what is 1223101433 + -134?
1223101244
In base 3, what is 112211220 - 222?
112210221
In base 4, what is 1121 + -30210131?
-30203010
In base 2, what is -11000110000100001011 - 11?
-11000110000100001110
In base 10, what is -59 + 132114?
132055
In base 14, what is 10 - -b36957?
b36967
In base 9, what is 101727 - -6181?
108018
In base 7, what is -415361333 + 1?
-415361332
In base 14, what is 52d + -31aa?
-2a7b
In base 2, what is 10000010111001100101110 - 11?
10000010111001100101011
In base 6, what is 50234524031 - -3?
50234524034
In base 8, what is -6 - 7517553?
-7517561
In base 16, what is 2 + 2e55897?
2e55899
In base 10, what is -23439 - 786?
-24225
In base 5, what is 2 + 1123402402?
1123402404
In base 16, what is 180592 + 61?
1805f3
In base 10, what is -244 + -422011?
-422255
In base 10, what is 132 + 54444?
54576
In base 15, what is 7e - c555?
-c4c6
In base 11, what is 286393 - 3?
286390
In base 12, what is 5942 - -4?
5946
In base 11, what is 3 + -373657?
-373654
In base 8, what is -7774 - 5143?
-15137
In base 16, what is e866 - -209a?
10900
In base 3, what is -202020120 + -11200?
-202102020
In base 7, what is 2023441 - -32?
2023503
In base 6, what is -11051232 - 40?
-11051312
In base 14, what is bd00 + -376?
b968
In base 3, what is 1002111012122020 - 2000?
1002111012120020
In base 16, what is -58f - -4786?
41f7
In base 7, what is 46634660 + -63?
46634564
In base 2, what is 110000101 + 100100011111101?
100101010000010
In base 9, what is 1013 - 30710?
-28686
In base 6, what is -2051032 + -154?
-2051230
In base 2, what is -100000100011110 + -10100001011000?
-110100101110110
In base 8, what is -1155 - 106544?
-107721
In base 7, what is 1062266126 - 2?
1062266124
In base 7, what is -30604234 - 200?
-30604434
In base 16, what is -2 + da579d?
da579b
In base 11, what is -2530 + -2058?
-4588
In base 13, what is -1ab75b - 10?
-1ab76b
In base 14, what is 21c3 + -796?
182b
In base 12, what is -151927336 + -5?
-15192733b
In base 12, what is 14b925 - -1192?
150ab7
In base 9, what is 1 - -7324537?
7324538
In base 9, what is -16435855 + 4?
-16435851
In base 13, what is 27 - -a21349?
a213